t p be 0*2/(-6) - j. What is the greatest common divisor of p and 4?
4
Let n(a) = a + 20. Let z be n(-11). Calculate the highest common divisor of 99 and z.
9
Let j(z) = z**2 - z. Let k be j(-1). Suppose 3*p = -3, 33 = 4*y - k*p - 1. Calculate the highest common divisor of 88 and y.
8
Suppose 9*q = 8*q + 11. Let a(t) be the first derivative of -22*t**4 + t**3/3 + t**2/2 + 1. Let v be a(-1). Calculate the highest common factor of q and v.
11
Let m be 1408/26 - (-8)/(-52). What is the greatest common factor of 6 and m?
6
Let c = 18 - -8. Let s = c - 6. What is the highest common divisor of 50 and s?
10
Suppose -5*x + 2 = -5*t - 8, 3*t = 5*x. Let y be -2 - -62*(-3)/x. Suppose w - y = -w. What is the greatest common divisor of 6 and w?
6
Suppose 0 = 4*l - 2*p - 82, p + 77 = 4*l + 4*p. Calculate the greatest common factor of 8 and l.
4
Let n(v) = -v**2 - 24*v - 35. Let s be n(-21). Calculate the greatest common factor of s and 7.
7
Suppose t = 3*r - 2, -1 + 0 = -3*r + 2*t. What is the highest common factor of 10 and r?
1
Let o(m) = -15*m**3 + m. Let u be o(-1). Calculate the highest common factor of 70 and u.
14
Let r(k) = -5*k - 54. Let u be r(-14). Calculate the greatest common factor of 144 and u.
16
Let c(m) = 3*m - 7. Let x be c(7). Let d = x + -4. Suppose -5*l + d = -20. Calculate the highest common factor of l and 2.
2
Let a(t) = -t - 10. Let l be a(-6). Let j(x) = -x**3 - x**2 + 4*x + 4. Let v be j(l). Suppose -5*i = -v - 4. Calculate the greatest common factor of 56 and i.
8
Let z(h) = 26*h**2 - 1. Let y be z(-1). Calculate the highest common factor of y and 25.
25
Let b be (-2 - (-7)/2)*42. What is the greatest common factor of b and 9?
9
Let s = 0 - -8. Let i = s - -1. What is the highest common divisor of 9 and i?
9
Let m = 256 + -168. Suppose x = -4*x + 2*j + m, 0 = -x + 2*j + 16. Calculate the highest common divisor of x and 126.
18
Suppose 0 = -2*t - 6 + 18. Let h = -3 + t. Let d = 7 - 4. Calculate the greatest common factor of d and h.
3
Suppose -31 = -5*v - 6. Suppose r = -4*r + 120. Let c be (0 - (0 + -1)) + r. Calculate the greatest common factor of v and c.
5
Let u = -3 - -6. Suppose -2*c = -5*n + 227, u*c + 2 = c. Suppose 3*z = 2*z + n. Calculate the highest common divisor of 30 and z.
15
Let d(b) = 9*b**2. Let q = -19 + 16. Let h be d(q). What is the greatest common divisor of h and 54?
27
Suppose 3*k + 12 = 2*y - 0*k, -10 = -2*y + 2*k. Calculate the greatest common divisor of y and 3.
3
Let h(a) = 6*a + 6 - 15 + 5. Let y be h(2). What is the greatest common factor of 56 and y?
8
Suppose -6 + 26 = 5*l. Suppose l*z = 2*z + 220. Suppose -5*h = w + w - 46, -5*w + 30 = 4*h. What is the greatest common divisor of z and h?
10
Suppose -204 = -2*k - 0*v - 3*v, 0 = 5*k - 3*v - 510. Suppose q + 30 = k. Calculate the greatest common divisor of q and 18.
18
Let a be 42*(-1)/(-4)*2. What is the greatest common factor of 3 and a?
3
Let r be 252/(-112)*8/(-6). Calculate the greatest common factor of r and 48.
3
Let q be (-9)/3 - (0 + 6). Let b = q - -13. What is the greatest common factor of b and 1?
1
Let f be 50*(10/36 + (-8)/(-36)). What is the greatest common factor of f and 150?
25
Let t be (-2)/(-2 + 0) + 5. Suppose -m + 80 = -p + 3*p, 4*m + 58 = p. Calculate the greatest common factor of p and t.
6
Suppose -10 + 1 = -3*s. What is the greatest common divisor of 3 and s?
3
Let a = 118 - 83. Suppose 0 = -s - o - 3*o + a, 2*s = 2*o + 120. Suppose 2*n - 5*q - 30 = 0, 3*n + 3*q = 3 - 0. What is the greatest common factor of s and n?
5
Let z(h) = -6 + 5 + 22*h**2 - 1. Let u be z(2). Suppose b - u = 50. What is the highest common divisor of b and 17?
17
Let k(x) = -x**2 + x + 10. Let b be k(0). Let y be (44/b + 2)*10. Suppose -36 - y = -5*n. What is the greatest common factor of n and 8?
4
Let l be (-1)/(-3)*(-2 + 3)*15. Suppose 2 - 4 = -z. Calculate the highest common factor of z and l.
1
Let t = 717 + -512. What is the highest common factor of 82 and t?
41
Suppose 9*c = 8*c + 8. Calculate the highest common divisor of c and 8.
8
Let g(w) = w + 5. Suppose -9 = -5*k + 11. Suppose 0 = -2*f + 3*f - k. Let q be g(f). What is the greatest common divisor of q and 90?
9
Suppose 2*t - 408 = -t. Let s = 5 - -12. What is the highest common divisor of t and s?
17
Let n be -3 + (-35)/(-5) - -38. Suppose 2*m - 29 = -0*m + l, 5*m - 67 = -3*l. Calculate the greatest common factor of n and m.
14
Let t be (-1)/4 + (-484)/(-16). Suppose -t = -6*y + y. Calculate the highest common factor of 2 and y.
2
Suppose 2*k = -3*k - 4*f + 720, f + 144 = k. What is the highest common factor of k and 18?
18
Suppose 0 = -3*l - 4*d, -l + d + 5 = -2. Suppose 5*m + l = 59. What is the greatest common divisor of m and 33?
11
Let t = -42 + 132. What is the greatest common factor of 10 and t?
10
Let t(d) = -d**3 + 14*d**2 - 9*d + 6. Let o be t(13). Let i = 252 - 107. Calculate the highest common divisor of o and i.
29
Let u be -4*1/(1 + -2). Suppose u = -b + 44. Let l(r) = r**3 + 4*r**2 - 8*r - 7. Let k be l(-5). What is the greatest common factor of k and b?
8
Let h = 42 + -30. Let d(n) = -9*n - 5 - 6 + 0*n + 5. Let s be d(-6). What is the greatest common factor of s and h?
12
Suppose -4*a - k + 89 = 0, -5*k + 3 + 24 = a. Suppose 0 = j + 2*z - 146, -2*z + 478 = 3*j - 6*z. Calculate the greatest common factor of j and a.
22
Let l = 5 - 0. Let c = -3 + l. Let j = 27 - 11. What is the highest common divisor of j and c?
2
Let l(i) = 52*i**3. Let r be 10/8 - 1/4. Let f be l(r). Calculate the greatest common divisor of 13 and f.
13
Let y(k) = -5*k. Let w be y(-13). Let i = 2 - -1. Let o be 1*(-1 + i) - -24. Calculate the highest common divisor of w and o.
13
Let p = 1 + -13. Let i(j) = j**3 + 13*j**2 + 13*j + 16. Let d be i(p). Let r be 44 + 0 + 0/(-2). Calculate the highest common factor of r and d.
4
Suppose -u - 5*k + 1 = -11, -2*u - 4*k + 48 = 0. Calculate the highest common divisor of u and 160.
32
Let w(s) = -s + 3. Let k be w(3). Suppose 3*n + 4*v - 4 - 12 = k, 3*v = -4*n + 19. Calculate the highest common factor of n and 1.
1
Suppose 45 = 2*j - 83. Let u(x) = 6*x + 2. Let n be u(1). Calculate the highest common divisor of j and n.
8
Let f be 2/(-12) - (-152)/48. Suppose -j + 4*j + f*c + 3 = 0, c = 1. Let s be ((-3)/j)/((-6)/(-36)). Calculate the highest common factor of s and 36.
9
Suppose -3*b + 123 = 4*p, 56 = 2*p - 5*b + b. Suppose 249 = 5*u - 51. Suppose -3*g + u = 2*g. Calculate the highest common divisor of g and p.
6
Suppose p + 50 = 5*k, -2*p - 10 = -k - p. Let u be 3 + (-3 - (1 - -3)). Let m be ((-2)/u)/((-3)/(-180)). Calculate the greatest common divisor of m and k.
10
Suppose -2*f + 16 = 2*x, 8*f - 36 = 4*f - 2*x. What is the highest common factor of f and 190?
10
Suppose -186 = 6*f - 9*f - 3*b, -266 = -4*f + 5*b. What is the greatest common factor of f and 16?
16
Let x(z) = z + 2 - 3*z - 5*z. Let i be x(-8). Suppose 0*n = -4*n + 16, i = 5*w - 3*n. What is the highest common divisor of w and 14?
14
Let i(l) = 5*l**2 + 2*l - 4*l**2 + 0*l**2 + 1. Let t be i(-3). Let b be 0/(-2) - (t - 29). Calculate the greatest common divisor of b and 10.
5
Let l(j) = 4 + 0 + j + 2*j + 0. Let v be l(8). What is the highest common factor of v and 7?
7
Let o(u) = u**2 + 8*u - 4. Let g = -8 - 1. Let n be o(g). What is the greatest common divisor of n and 5?
5
Suppose 0 = 2*x + 3*x - 330. Let h = 50 - 44. What is the greatest common factor of h and x?
6
Let f = 16 - 5. Calculate the highest common factor of 121 and f.
11
Suppose -3*l + d = l - 396, -495 = -5*l - 5*d. What is the highest common divisor of 33 and l?
33
Let y = -75 - -127. Calculate the highest common divisor of 78 and y.
26
Suppose w + n - 4 = 0, 7 = -3*n + 19. Let v = 3 - w. Suppose -v*d + d + 110 = 0. Calculate the greatest common divisor of d and 5.
5
Let o(r) = r + 4. Let m be o(-6). Let s be 38 - 1 - -1 - m. Suppose 0 = 3*y - y + 4*d - 52, -4*y + 44 = -4*d. What is the highest common factor of y and s?
8
Suppose 25 + 55 = 4*t. Let y = t + -13. What is the greatest common factor of 7 and y?
7
Let x(k) = -k**3 + k**2 - 1. Let h(r) = r**2 + r. Let n(m) = -2*h(m) + x(m). Let v be n(-1). What is the greatest common divisor of v and 8?
1
Let z(b) = 2*b**2 - 9*b + 6. Let s be z(6). Suppose r = 4*r - s. Calculate the gre